e the greatest common factor of u and 72.
24
Let a be 15 - 3*2/3. What is the greatest common factor of 13 and a?
13
Let k be (-62)/(-4) + 3/6. Let o be 3/(-6) - (-706)/4. What is the greatest common divisor of k and o?
16
Let i(r) = r**2 + 3*r - 6. Let l be 4/8*-2 + -6. Let c be i(l). What is the highest common factor of 33 and c?
11
Let f(u) = 8*u. Let c be f(6). Suppose 2*m + c = 4*m. Calculate the highest common factor of 3 and m.
3
Let f = -22 - -31. Let y = -119 - 43. Let n be (y/(-8))/((-3)/(-12)). What is the greatest common factor of n and f?
9
Suppose 188 + 42 = 5*n. Suppose 4*c - c = -3*v + 111, -v = -2*c - n. Suppose t + 3*t - 64 = 0. Calculate the highest common divisor of t and v.
8
Let c(n) = -n - 2. Let h = -5 - -2. Let f be c(h). Let l(i) = 15*i**2 + i. Let s be l(f). What is the highest common factor of 144 and s?
16
Let g(l) = 98*l**3 + l**2 - l. Let j be g(1). Calculate the highest common factor of 14 and j.
14
Let a(p) be the second derivative of -p**5/20 + 5*p**4/6 - p**3 + 3*p**2/2 - 2*p. Let l be a(9). Calculate the highest common divisor of l and 45.
15
Suppose -2*s + 4*z - z + 33 = 0, 2*s + 2*z - 18 = 0. Let c = -8 + 11. Calculate the greatest common factor of s and c.
3
Suppose -3*g = 3*h - 24, 2*g = 5*h - 17 - 2. What is the highest common divisor of 3 and g?
3
Suppose 0 = -0*p + 4*p - 604. Let w(f) = f**3 + 2*f**2 + f - 4. Let c be w(-3). Let x = c + p. What is the greatest common factor of 15 and x?
15
Let b(r) = -r**2 + 14*r + 1. Let z be b(13). What is the greatest common factor of 98 and z?
14
Suppose 3*x = -2*x + 280. Calculate the highest common divisor of 24 and x.
8
Let h = 41 - 29. Let u = -2 + h. Let b be 0 + -2 + 1 + 3. Calculate the highest common divisor of u and b.
2
Let x(p) = -p**2 + 20*p + 29. Let q be x(19). Calculate the highest common divisor of 12 and q.
12
Let w be (-6 - -8) + 1/1. Let y = w + 1. What is the greatest common factor of 2 and y?
2
Let h(m) = 12 + 13*m**2 - 5*m - 11*m - m**3 + 4*m. Let o be h(9). Suppose -2*c = -4*a + 132, -c - o = -5*a - 63. What is the greatest common factor of 22 and a?
11
Suppose w + 2 = 0, 3*w - 5*w + 8 = 2*x. What is the highest common factor of 30 and x?
6
Let q = -7 + 1. Let c be (2 - q) + (2 - 0). What is the greatest common factor of 2 and c?
2
Let h(a) = a**3 + 8*a**2 + a + 9. Let k be h(-8). Suppose 2*w - 11 + k = 0. What is the highest common factor of 5 and w?
5
Let c = -2 + 1. Let l(k) = -4*k**3 - 1. Let o be l(c). Suppose y - 5*y = -5*n + 43, 5*n - o*y - 46 = 0. Calculate the greatest common divisor of 1 and n.
1
Let q(w) = 10*w**2 + 2*w + 5. Let p be q(2). Let r be (-1)/2*42/(-3). What is the greatest common divisor of r and p?
7
Let v be (1 - -2)*4/(-6). Let i = v + 8. Calculate the greatest common factor of i and 42.
6
Let h be 4/6*(-9)/(-3). Let m be (h - -49)*3/9. What is the highest common divisor of 119 and m?
17
Let t(h) = 3*h**3 + 1. Let d be t(1). Calculate the greatest common factor of 4 and d.
4
Let v be 2 + -1 + 5 + -1. Suppose u - 3 = -4*l + 35, -v*u + 133 = l. Calculate the greatest common divisor of u and 104.
26
Suppose -3*y + 172 = 3*v + 64, 0 = 4*y - 5*v - 144. Calculate the greatest common factor of y and 9.
9
Suppose 0*j + 4*j - 21 = f, -19 = -3*j + 4*f. Let s be (6/j)/(3/40). Let z(g) = -g**2 + 7*g - 4. Let h be z(4). What is the greatest common divisor of h and s?
8
Suppose d - 81 = i, -2*d = -2*i + 4*i - 158. What is the highest common divisor of 8 and d?
8
Let r(u) = u**2 + 4 - u + 0*u**2 - 4*u**3 + 5*u**3. Let o = -5 - -5. Let w be r(o). What is the greatest common factor of w and 16?
4
Suppose -6*o + 140 = -2*o. Let w = 2 - 2. Suppose w = 5*q - 48 + 13. What is the highest common factor of q and o?
7
Let g(f) = -f**2 - 6*f - 4. Let q be g(-4). Suppose -q*l = 111 - 383. Let k = l + -26. Calculate the highest common factor of 14 and k.
14
Suppose 0 = -b - n + 5, -18 - 7 = -4*b - 3*n. Calculate the highest common divisor of b and 130.
10
Suppose 2*g - 60 = -0*g. Let t be (-2)/5 + 2532/g. Calculate the greatest common divisor of t and 12.
12
Let f = 2 + -3. Let p = f - -7. Let l = 10 - p. Calculate the highest common divisor of 44 and l.
4
Suppose 0 = 4*o - 7 + 19. Let c be (42/8)/(2/(-8)). Let m = o - c. Calculate the highest common factor of 6 and m.
6
Let t(v) = -9*v + 5. Let p be t(-3). What is the highest common divisor of 16 and p?
16
Let h be (-12 + 6)*(1 + 0). Let c(n) = n**3 + 10*n**2 + 6*n - 12. Let p be c(h). Calculate the highest common divisor of p and 12.
12
Let w(a) be the first derivative of a**3/3 - 2*a**2 + 5*a + 3. Let p be w(5). Calculate the highest common divisor of p and 25.
5
Let u = 9 + -3. Suppose 0 = 3*d - u*d. Suppose d*i + 108 = i. Calculate the highest common factor of 12 and i.
12
Suppose -3*s + 8 - 2 = 0. Suppose 4*t + 2*t = 96. Calculate the highest common factor of t and s.
2
Let r(k) = -16*k + 15. Let s be r(-3). Calculate the greatest common divisor of 9 and s.
9
Suppose -n = -2 - 0. Let b be -1 - (-5 - (n - 5)). Calculate the highest common divisor of b and 1.
1
Suppose 4*y - 4*q - 224 = 0, -83 = -2*y - q + 23. Suppose -9*z = -3*z - y. Calculate the greatest common divisor of 99 and z.
9
Suppose 3*b = 4*o + 7 - 20, b + 7 = 4*o. Calculate the highest common factor of 1 and o.
1
Let w(v) = -4*v + 7. Let q be w(-6). Calculate the greatest common factor of q and 279.
31
Let i(u) = -2*u + 8. Let n be i(7). Let y be (-2 + 5)/(-3)*n. Suppose -4*k = -k - 198. What is the greatest common factor of y and k?
6
Suppose 5*p - 12 = -2. Let j(y) = -57*y + 1. Let r be j(-1). Let a = r - p. Calculate the highest common divisor of 14 and a.
14
Let r = 15 + 2. Let n = -25 - r. Let u be n/4*12/(-9). Calculate the highest common factor of u and 126.
14
Let v = 5 - -8. Calculate the highest common factor of 26 and v.
13
Let f(a) = -3*a + 2. Let b be f(-3). Suppose v + 3*m = -b, -v = v + 5*m + 17. What is the greatest common factor of 4 and v?
4
Let i = 8 - 13. Let y = -1 - i. Let z be ((-2)/8)/(1/(-4)). Calculate the highest common factor of y and z.
1
Let n(y) = -y**2 + 8*y + 5. Let u be n(8). Suppose u*j - 6 = 14. Suppose 0*k = -j*t + 3*k + 8, -2*k = -4*t + 8. What is the greatest common divisor of t and 3?
1
Suppose 3*h - 3*r = 72, 0 = 7*h - 2*h - 2*r - 108. What is the greatest common factor of h and 100?
20
Let v(u) = u**3 + 4*u**2 - 5*u + 4. Let n be v(-5). Suppose 5*a - a = 112. Calculate the highest common divisor of a and n.
4
Let a(r) = -4*r**3 - 5*r**2 - r - 4. Let z be a(-4). What is the highest common factor of 22 and z?
22
Let o(f) = 3*f**2 + 9*f + 9. Let r be o(-6). Suppose 0 = -0*h + 3*h - r. Calculate the highest common divisor of 189 and h.
21
Let u be (-2 - 1/(-1)) + 5. Let n be (-16)/(-6) - (-18)/(-27). Suppose -n*o - 3*w = -103, 0 = -5*w + 2*w + 15. Calculate the greatest common divisor of o and u.
4
Let y(i) = i + 0*i - 3 - 2*i. Let m be y(3). Let a be (-9)/6*4/m. What is the greatest common factor of a and 11?
1
Let n = -56 - -95. What is the highest common divisor of n and 13?
13
Let s = 19 + -12. Suppose 5*a + s = 117. Calculate the highest common divisor of a and 44.
22
Suppose 0 = 10*c - 7*c - 72. Calculate the greatest common divisor of 16 and c.
8
Suppose -15*q + 1955 = -10*q. What is the greatest common divisor of q and 17?
17
Let r be (3/(-6))/((-6)/1152). What is the greatest common factor of r and 24?
24
Let h be 3*5 + (-1)/(-1). Suppose 5*d - h = -6. Suppose -w + d = -4. What is the greatest common divisor of 30 and w?
6
Suppose 45 + 99 = 3*q. Calculate the greatest common factor of 12 and q.
12
Let r(s) = 186*s**2 + s - 1. Let q be r(1). Let p = q + -109. Let b be (-12)/(-1 - 1) + 1. What is the highest common divisor of p and b?
7
Let c = 38 - 2. Let f be 1/((2/c)/1). Suppose f = 2*z + 2*a, 4*a - 26 = -3*z + 1. What is the greatest common factor of 54 and z?
9
Let m be 100/(-10)*24/(-10). Calculate the greatest common divisor of 60 and m.
12
Let w be ((-6)/8)/(3/(-12)). Calculate the greatest common divisor of 2 and w.
1
Let v = -25 - 17. Let b = -6 - v. Let j be 2 + 0 + (-1 - -3). Calculate the highest common factor of j and b.
4
Suppose 2*w = -5*c + 29, 46 = -w + 5*w - 2*c. Suppose 19*k = -671 + 2267. Calculate the greatest common divisor of w and k.
12
Let t be -2 + (